{"version":"1.0","provider_name":"Jornal Fatos e Not\u00edcias","provider_url":"https:\/\/jornalfatosenoticias.com.br","author_name":"Ana Maria Iencarelli","author_url":"https:\/\/jornalfatosenoticias.com.br\/index.php\/author\/anamaria\/","title":"Crian\u00e7as: chegou o Natal! - Jornal Fatos e Not\u00edcias","type":"rich","width":600,"height":338,"html":"<blockquote class=\"wp-embedded-content\" data-secret=\"OwEWoyL1hD\"><a href=\"https:\/\/jornalfatosenoticias.com.br\/index.php\/2020\/12\/17\/criancas-chegou-o-natal\/\">Crian\u00e7as: chegou o Natal!<\/a><\/blockquote><iframe sandbox=\"allow-scripts\" security=\"restricted\" src=\"https:\/\/jornalfatosenoticias.com.br\/index.php\/2020\/12\/17\/criancas-chegou-o-natal\/embed\/#?secret=OwEWoyL1hD\" width=\"600\" height=\"338\" title=\"&#8220;Crian\u00e7as: chegou o Natal!&#8221; &#8212; Jornal Fatos e Not\u00edcias\" data-secret=\"OwEWoyL1hD\" frameborder=\"0\" marginwidth=\"0\" marginheight=\"0\" scrolling=\"no\" class=\"wp-embedded-content\"><\/iframe><script type=\"text\/javascript\">\n\/* <![CDATA[ *\/\n\/*! This file is auto-generated *\/\n!function(d,l){\"use strict\";l.querySelector&&d.addEventListener&&\"undefined\"!=typeof URL&&(d.wp=d.wp||{},d.wp.receiveEmbedMessage||(d.wp.receiveEmbedMessage=function(e){var t=e.data;if((t||t.secret||t.message||t.value)&&!\/[^a-zA-Z0-9]\/.test(t.secret)){for(var s,r,n,a=l.querySelectorAll('iframe[data-secret=\"'+t.secret+'\"]'),o=l.querySelectorAll('blockquote[data-secret=\"'+t.secret+'\"]'),c=new RegExp(\"^https?:$\",\"i\"),i=0;i<o.length;i++)o[i].style.display=\"none\";for(i=0;i<a.length;i++)s=a[i],e.source===s.contentWindow&&(s.removeAttribute(\"style\"),\"height\"===t.message?(1e3<(r=parseInt(t.value,10))?r=1e3:~~r<200&&(r=200),s.height=r):\"link\"===t.message&&(r=new URL(s.getAttribute(\"src\")),n=new URL(t.value),c.test(n.protocol))&&n.host===r.host&&l.activeElement===s&&(d.top.location.href=t.value))}},d.addEventListener(\"message\",d.wp.receiveEmbedMessage,!1),l.addEventListener(\"DOMContentLoaded\",function(){for(var e,t,s=l.querySelectorAll(\"iframe.wp-embedded-content\"),r=0;r<s.length;r++)(t=(e=s[r]).getAttribute(\"data-secret\"))||(t=Math.random().toString(36).substring(2,12),e.src+=\"#?secret=\"+t,e.setAttribute(\"data-secret\",t)),e.contentWindow.postMessage({message:\"ready\",secret:t},\"*\")},!1)))}(window,document);\n\/\/# sourceURL=https:\/\/jornalfatosenoticias.com.br\/wp-includes\/js\/wp-embed.min.js\n\/* ]]> *\/\n<\/script>\n","thumbnail_url":"https:\/\/jornalfatosenoticias.com.br\/wp-content\/uploads\/2020\/12\/menina-e-boneca_natal.jpg","thumbnail_width":1000,"thumbnail_height":634,"description":"Decidimos interromper nossa S\u00e9rie sobre \u201cEstragos permanentes da priva\u00e7\u00e3o Materna Judicial pela acusa\u00e7\u00e3o de aliena\u00e7\u00e3o parental\u201d. Retomaremos ao tema na 1\u00aa semana de janeiro, depois de nosso recesso de final de ano.\u00c9 Natal! Apesar de ser uma festa religiosa, o Natal contagia a todos, crentes de todos os credos, e ateus. Tornou-se uma festa da [&hellip;]"}

Jornal Fatos e Notícias

Crianças: chegou o Natal! - Jornal Fatos e Notícias

<blockquote class="wp-embedded-content" data-secret="OwEWoyL1hD"><a href="https://jornalfatosenoticias.com.br/index.php/2020/12/17/criancas-chegou-o-natal/">Crianças: chegou o Natal!</a></blockquote><iframe sandbox="allow-scripts" security="restricted" src="https://jornalfatosenoticias.com.br/index.php/2020/12/17/criancas-chegou-o-natal/embed/#?secret=OwEWoyL1hD" width="600" height="338" title="&#8220;Crianças: chegou o Natal!&#8221; &#8212; Jornal Fatos e Notícias" data-secret="OwEWoyL1hD" frameborder="0" marginwidth="0" marginheight="0" scrolling="no" class="wp-embedded-content"></iframe><script type="text/javascript">
/* <![CDATA[ */
/*! This file is auto-generated */
!function(d,l){"use strict";l.querySelector&&d.addEventListener&&"undefined"!=typeof URL&&(d.wp=d.wp||{},d.wp.receiveEmbedMessage||(d.wp.receiveEmbedMessage=function(e){var t=e.data;if((t||t.secret||t.message||t.value)&&!/[^a-zA-Z0-9]/.test(t.secret)){for(var s,r,n,a=l.querySelectorAll('iframe[data-secret="'+t.secret+'"]'),o=l.querySelectorAll('blockquote[data-secret="'+t.secret+'"]'),c=new RegExp("^https?:$","i"),i=0;i<o.length;i++)o[i].style.display="none";for(i=0;i<a.length;i++)s=a[i],e.source===s.contentWindow&&(s.removeAttribute("style"),"height"===t.message?(1e3<(r=parseInt(t.value,10))?r=1e3:~~r<200&&(r=200),s.height=r):"link"===t.message&&(r=new URL(s.getAttribute("src")),n=new URL(t.value),c.test(n.protocol))&&n.host===r.host&&l.activeElement===s&&(d.top.location.href=t.value))}},d.addEventListener("message",d.wp.receiveEmbedMessage,!1),l.addEventListener("DOMContentLoaded",function(){for(var e,t,s=l.querySelectorAll("iframe.wp-embedded-content"),r=0;r<s.length;r++)(t=(e=s[r]).getAttribute("data-secret"))||(t=Math.random().toString(36).substring(2,12),e.src+="#?secret="+t,e.setAttribute("data-secret",t)),e.contentWindow.postMessage({message:"ready",secret:t},"*")},!1)))}(window,document);
//# sourceURL=https://jornalfatosenoticias.com.br/wp-includes/js/wp-embed.min.js
/* ]]> */
</script>

Decidimos interromper nossa Série sobre “Estragos permanentes da privação Materna Judicial pela acusação de alienação parental”. Retomaremos ao tema na 1ª semana de janeiro, depois de nosso recesso de final de ano.É Natal! Apesar de ser uma festa religiosa, o Natal contagia a todos, crentes de todos os credos, e ateus. Tornou-se uma festa da [&hellip;]
