{"version":"1.0","provider_name":"Jornal Fatos e Not\u00edcias","provider_url":"https:\/\/jornalfatosenoticias.com.br","author_name":"Luzimara Fernandes","author_url":"https:\/\/jornalfatosenoticias.com.br\/index.php\/author\/luzimara\/","title":"Elei\u00e7\u00f5es 2022. Por que vai ser diferente? - Jornal Fatos e Not\u00edcias","type":"rich","width":600,"height":338,"html":"<blockquote class=\"wp-embedded-content\" data-secret=\"LXfyGUNfS3\"><a href=\"https:\/\/jornalfatosenoticias.com.br\/index.php\/2022\/07\/21\/eleicoes-2022-por-que-vai-ser-diferente\/\">Elei\u00e7\u00f5es 2022. Por que vai ser diferente?<\/a><\/blockquote><iframe sandbox=\"allow-scripts\" security=\"restricted\" src=\"https:\/\/jornalfatosenoticias.com.br\/index.php\/2022\/07\/21\/eleicoes-2022-por-que-vai-ser-diferente\/embed\/#?secret=LXfyGUNfS3\" width=\"600\" height=\"338\" title=\"&#8220;Elei\u00e7\u00f5es 2022. Por que vai ser diferente?&#8221; &#8212; Jornal Fatos e Not\u00edcias\" data-secret=\"LXfyGUNfS3\" frameborder=\"0\" marginwidth=\"0\" marginheight=\"0\" scrolling=\"no\" class=\"wp-embedded-content\"><\/iframe><script type=\"text\/javascript\">\n\/* <![CDATA[ *\/\n\/*! This file is auto-generated *\/\n!function(d,l){\"use strict\";l.querySelector&&d.addEventListener&&\"undefined\"!=typeof URL&&(d.wp=d.wp||{},d.wp.receiveEmbedMessage||(d.wp.receiveEmbedMessage=function(e){var t=e.data;if((t||t.secret||t.message||t.value)&&!\/[^a-zA-Z0-9]\/.test(t.secret)){for(var s,r,n,a=l.querySelectorAll('iframe[data-secret=\"'+t.secret+'\"]'),o=l.querySelectorAll('blockquote[data-secret=\"'+t.secret+'\"]'),c=new RegExp(\"^https?:$\",\"i\"),i=0;i<o.length;i++)o[i].style.display=\"none\";for(i=0;i<a.length;i++)s=a[i],e.source===s.contentWindow&&(s.removeAttribute(\"style\"),\"height\"===t.message?(1e3<(r=parseInt(t.value,10))?r=1e3:~~r<200&&(r=200),s.height=r):\"link\"===t.message&&(r=new URL(s.getAttribute(\"src\")),n=new URL(t.value),c.test(n.protocol))&&n.host===r.host&&l.activeElement===s&&(d.top.location.href=t.value))}},d.addEventListener(\"message\",d.wp.receiveEmbedMessage,!1),l.addEventListener(\"DOMContentLoaded\",function(){for(var e,t,s=l.querySelectorAll(\"iframe.wp-embedded-content\"),r=0;r<s.length;r++)(t=(e=s[r]).getAttribute(\"data-secret\"))||(t=Math.random().toString(36).substring(2,12),e.src+=\"#?secret=\"+t,e.setAttribute(\"data-secret\",t)),e.contentWindow.postMessage({message:\"ready\",secret:t},\"*\")},!1)))}(window,document);\n\/\/# sourceURL=https:\/\/jornalfatosenoticias.com.br\/wp-includes\/js\/wp-embed.min.js\n\/* ]]> *\/\n<\/script>\n","thumbnail_url":"https:\/\/jornalfatosenoticias.com.br\/wp-content\/uploads\/2022\/07\/POLARIZACAO-Politica_Brasil.jpg","thumbnail_width":1000,"thumbnail_height":624,"description":"Coluna\u00a0\u2014 Na Minha Opini\u00e3o O Brasil j\u00e1 viveu muitas elei\u00e7\u00f5es presidenciais e 2022 poderia ser apenas mais um escrut\u00ednio para Presidente do Pa\u00eds, mas alguns elementos est\u00e3o deixando essas elei\u00e7\u00f5es diferente de todas as outras. Nem no passado, nem no futuro, haver\u00e1 outra elei\u00e7\u00e3o como a deste ano. O principal elemento causador da diferen\u00e7a \u00e9 [&hellip;]"}

Jornal Fatos e Notícias

Eleições 2022. Por que vai ser diferente? - Jornal Fatos e Notícias

<blockquote class="wp-embedded-content" data-secret="LXfyGUNfS3"><a href="https://jornalfatosenoticias.com.br/index.php/2022/07/21/eleicoes-2022-por-que-vai-ser-diferente/">Eleições 2022. Por que vai ser diferente?</a></blockquote><iframe sandbox="allow-scripts" security="restricted" src="https://jornalfatosenoticias.com.br/index.php/2022/07/21/eleicoes-2022-por-que-vai-ser-diferente/embed/#?secret=LXfyGUNfS3" width="600" height="338" title="&#8220;Eleições 2022. Por que vai ser diferente?&#8221; &#8212; Jornal Fatos e Notícias" data-secret="LXfyGUNfS3" frameborder="0" marginwidth="0" marginheight="0" scrolling="no" class="wp-embedded-content"></iframe><script type="text/javascript">
/* <![CDATA[ */
/*! This file is auto-generated */
!function(d,l){"use strict";l.querySelector&&d.addEventListener&&"undefined"!=typeof URL&&(d.wp=d.wp||{},d.wp.receiveEmbedMessage||(d.wp.receiveEmbedMessage=function(e){var t=e.data;if((t||t.secret||t.message||t.value)&&!/[^a-zA-Z0-9]/.test(t.secret)){for(var s,r,n,a=l.querySelectorAll('iframe[data-secret="'+t.secret+'"]'),o=l.querySelectorAll('blockquote[data-secret="'+t.secret+'"]'),c=new RegExp("^https?:$","i"),i=0;i<o.length;i++)o[i].style.display="none";for(i=0;i<a.length;i++)s=a[i],e.source===s.contentWindow&&(s.removeAttribute("style"),"height"===t.message?(1e3<(r=parseInt(t.value,10))?r=1e3:~~r<200&&(r=200),s.height=r):"link"===t.message&&(r=new URL(s.getAttribute("src")),n=new URL(t.value),c.test(n.protocol))&&n.host===r.host&&l.activeElement===s&&(d.top.location.href=t.value))}},d.addEventListener("message",d.wp.receiveEmbedMessage,!1),l.addEventListener("DOMContentLoaded",function(){for(var e,t,s=l.querySelectorAll("iframe.wp-embedded-content"),r=0;r<s.length;r++)(t=(e=s[r]).getAttribute("data-secret"))||(t=Math.random().toString(36).substring(2,12),e.src+="#?secret="+t,e.setAttribute("data-secret",t)),e.contentWindow.postMessage({message:"ready",secret:t},"*")},!1)))}(window,document);
//# sourceURL=https://jornalfatosenoticias.com.br/wp-includes/js/wp-embed.min.js
/* ]]> */
</script>

Coluna — Na Minha Opinião O Brasil já viveu muitas eleições presidenciais e 2022 poderia ser apenas mais um escrutínio para Presidente do País, mas alguns elementos estão deixando essas eleições diferente de todas as outras. Nem no passado, nem no futuro, haverá outra eleição como a deste ano. O principal elemento causador da diferença é [&hellip;]
