{"version":"1.0","provider_name":"Jornal Fatos e Not\u00edcias","provider_url":"https:\/\/jornalfatosenoticias.com.br","author_name":"Luzimara Fernandes","author_url":"https:\/\/jornalfatosenoticias.com.br\/index.php\/author\/luzimara\/","title":"Economia regional e suas oportunidades - Jornal Fatos e Not\u00edcias","type":"rich","width":600,"height":338,"html":"<blockquote class=\"wp-embedded-content\" data-secret=\"IbRFlvjchU\"><a href=\"https:\/\/jornalfatosenoticias.com.br\/index.php\/2022\/09\/29\/economia-regional-e-suas-oportunidades\/\">Economia regional e suas oportunidades<\/a><\/blockquote><iframe sandbox=\"allow-scripts\" security=\"restricted\" src=\"https:\/\/jornalfatosenoticias.com.br\/index.php\/2022\/09\/29\/economia-regional-e-suas-oportunidades\/embed\/#?secret=IbRFlvjchU\" width=\"600\" height=\"338\" title=\"&#8220;Economia regional e suas oportunidades&#8221; &#8212; Jornal Fatos e Not\u00edcias\" data-secret=\"IbRFlvjchU\" frameborder=\"0\" marginwidth=\"0\" marginheight=\"0\" scrolling=\"no\" class=\"wp-embedded-content\"><\/iframe><script type=\"text\/javascript\">\n\/* <![CDATA[ *\/\n\/*! This file is auto-generated *\/\n!function(d,l){\"use strict\";l.querySelector&&d.addEventListener&&\"undefined\"!=typeof URL&&(d.wp=d.wp||{},d.wp.receiveEmbedMessage||(d.wp.receiveEmbedMessage=function(e){var t=e.data;if((t||t.secret||t.message||t.value)&&!\/[^a-zA-Z0-9]\/.test(t.secret)){for(var s,r,n,a=l.querySelectorAll('iframe[data-secret=\"'+t.secret+'\"]'),o=l.querySelectorAll('blockquote[data-secret=\"'+t.secret+'\"]'),c=new RegExp(\"^https?:$\",\"i\"),i=0;i<o.length;i++)o[i].style.display=\"none\";for(i=0;i<a.length;i++)s=a[i],e.source===s.contentWindow&&(s.removeAttribute(\"style\"),\"height\"===t.message?(1e3<(r=parseInt(t.value,10))?r=1e3:~~r<200&&(r=200),s.height=r):\"link\"===t.message&&(r=new URL(s.getAttribute(\"src\")),n=new URL(t.value),c.test(n.protocol))&&n.host===r.host&&l.activeElement===s&&(d.top.location.href=t.value))}},d.addEventListener(\"message\",d.wp.receiveEmbedMessage,!1),l.addEventListener(\"DOMContentLoaded\",function(){for(var e,t,s=l.querySelectorAll(\"iframe.wp-embedded-content\"),r=0;r<s.length;r++)(t=(e=s[r]).getAttribute(\"data-secret\"))||(t=Math.random().toString(36).substring(2,12),e.src+=\"#?secret=\"+t,e.setAttribute(\"data-secret\",t)),e.contentWindow.postMessage({message:\"ready\",secret:t},\"*\")},!1)))}(window,document);\n\/\/# sourceURL=https:\/\/jornalfatosenoticias.com.br\/wp-includes\/js\/wp-embed.min.js\n\/* ]]> *\/\n<\/script>\n","thumbnail_url":"https:\/\/jornalfatosenoticias.com.br\/wp-content\/uploads\/2022\/09\/network.jpeg","thumbnail_width":1000,"thumbnail_height":562,"description":"Por Wagner Moraes Por mais que tenhamos uma vis\u00e3o regional, local, com vistas a encontrar solu\u00e7\u00f5es para o nosso munic\u00edpio ou nossos bairros, precisamos entender que h\u00e1 uma necessidade de integra\u00e7\u00e3o com os meios de comunica\u00e7\u00e3o tecnol\u00f3gicos, que influenciam nos neg\u00f3cios, nas rela\u00e7\u00f5es sociais, na forma\u00e7\u00e3o de network entre profissionais e empresas, formando uma rede [&hellip;]"}

Jornal Fatos e Notícias

Economia regional e suas oportunidades - Jornal Fatos e Notícias

<blockquote class="wp-embedded-content" data-secret="IbRFlvjchU"><a href="https://jornalfatosenoticias.com.br/index.php/2022/09/29/economia-regional-e-suas-oportunidades/">Economia regional e suas oportunidades</a></blockquote><iframe sandbox="allow-scripts" security="restricted" src="https://jornalfatosenoticias.com.br/index.php/2022/09/29/economia-regional-e-suas-oportunidades/embed/#?secret=IbRFlvjchU" width="600" height="338" title="&#8220;Economia regional e suas oportunidades&#8221; &#8212; Jornal Fatos e Notícias" data-secret="IbRFlvjchU" frameborder="0" marginwidth="0" marginheight="0" scrolling="no" class="wp-embedded-content"></iframe><script type="text/javascript">
/* <![CDATA[ */
/*! This file is auto-generated */
!function(d,l){"use strict";l.querySelector&&d.addEventListener&&"undefined"!=typeof URL&&(d.wp=d.wp||{},d.wp.receiveEmbedMessage||(d.wp.receiveEmbedMessage=function(e){var t=e.data;if((t||t.secret||t.message||t.value)&&!/[^a-zA-Z0-9]/.test(t.secret)){for(var s,r,n,a=l.querySelectorAll('iframe[data-secret="'+t.secret+'"]'),o=l.querySelectorAll('blockquote[data-secret="'+t.secret+'"]'),c=new RegExp("^https?:$","i"),i=0;i<o.length;i++)o[i].style.display="none";for(i=0;i<a.length;i++)s=a[i],e.source===s.contentWindow&&(s.removeAttribute("style"),"height"===t.message?(1e3<(r=parseInt(t.value,10))?r=1e3:~~r<200&&(r=200),s.height=r):"link"===t.message&&(r=new URL(s.getAttribute("src")),n=new URL(t.value),c.test(n.protocol))&&n.host===r.host&&l.activeElement===s&&(d.top.location.href=t.value))}},d.addEventListener("message",d.wp.receiveEmbedMessage,!1),l.addEventListener("DOMContentLoaded",function(){for(var e,t,s=l.querySelectorAll("iframe.wp-embedded-content"),r=0;r<s.length;r++)(t=(e=s[r]).getAttribute("data-secret"))||(t=Math.random().toString(36).substring(2,12),e.src+="#?secret="+t,e.setAttribute("data-secret",t)),e.contentWindow.postMessage({message:"ready",secret:t},"*")},!1)))}(window,document);
//# sourceURL=https://jornalfatosenoticias.com.br/wp-includes/js/wp-embed.min.js
/* ]]> */
</script>

Por Wagner Moraes Por mais que tenhamos uma visão regional, local, com vistas a encontrar soluções para o nosso município ou nossos bairros, precisamos entender que há uma necessidade de integração com os meios de comunicação tecnológicos, que influenciam nos negócios, nas relações sociais, na formação de network entre profissionais e empresas, formando uma rede [&hellip;]
