{"version":"1.0","provider_name":"Jornal Fatos e Not\u00edcias","provider_url":"https:\/\/jornalfatosenoticias.com.br","author_name":"Luzimara Fernandes","author_url":"https:\/\/jornalfatosenoticias.com.br\/index.php\/author\/luzimara\/","title":"A sanidade no empreendedorismo - Jornal Fatos e Not\u00edcias","type":"rich","width":600,"height":338,"html":"<blockquote class=\"wp-embedded-content\" data-secret=\"gvVEU4nbTG\"><a href=\"https:\/\/jornalfatosenoticias.com.br\/index.php\/2024\/05\/09\/a-sanidade-no-empreendedorismo\/\">A sanidade no empreendedorismo<\/a><\/blockquote><iframe sandbox=\"allow-scripts\" security=\"restricted\" src=\"https:\/\/jornalfatosenoticias.com.br\/index.php\/2024\/05\/09\/a-sanidade-no-empreendedorismo\/embed\/#?secret=gvVEU4nbTG\" width=\"600\" height=\"338\" title=\"&#8220;A sanidade no empreendedorismo&#8221; &#8212; Jornal Fatos e Not\u00edcias\" data-secret=\"gvVEU4nbTG\" frameborder=\"0\" marginwidth=\"0\" marginheight=\"0\" scrolling=\"no\" class=\"wp-embedded-content\"><\/iframe><script type=\"text\/javascript\">\n\/* <![CDATA[ *\/\n\/*! This file is auto-generated *\/\n!function(d,l){\"use strict\";l.querySelector&&d.addEventListener&&\"undefined\"!=typeof URL&&(d.wp=d.wp||{},d.wp.receiveEmbedMessage||(d.wp.receiveEmbedMessage=function(e){var t=e.data;if((t||t.secret||t.message||t.value)&&!\/[^a-zA-Z0-9]\/.test(t.secret)){for(var s,r,n,a=l.querySelectorAll('iframe[data-secret=\"'+t.secret+'\"]'),o=l.querySelectorAll('blockquote[data-secret=\"'+t.secret+'\"]'),c=new RegExp(\"^https?:$\",\"i\"),i=0;i<o.length;i++)o[i].style.display=\"none\";for(i=0;i<a.length;i++)s=a[i],e.source===s.contentWindow&&(s.removeAttribute(\"style\"),\"height\"===t.message?(1e3<(r=parseInt(t.value,10))?r=1e3:~~r<200&&(r=200),s.height=r):\"link\"===t.message&&(r=new URL(s.getAttribute(\"src\")),n=new URL(t.value),c.test(n.protocol))&&n.host===r.host&&l.activeElement===s&&(d.top.location.href=t.value))}},d.addEventListener(\"message\",d.wp.receiveEmbedMessage,!1),l.addEventListener(\"DOMContentLoaded\",function(){for(var e,t,s=l.querySelectorAll(\"iframe.wp-embedded-content\"),r=0;r<s.length;r++)(t=(e=s[r]).getAttribute(\"data-secret\"))||(t=Math.random().toString(36).substring(2,12),e.src+=\"#?secret=\"+t,e.setAttribute(\"data-secret\",t)),e.contentWindow.postMessage({message:\"ready\",secret:t},\"*\")},!1)))}(window,document);\n\/\/# sourceURL=https:\/\/jornalfatosenoticias.com.br\/wp-includes\/js\/wp-embed.min.js\n\/* ]]> *\/\n<\/script>\n","thumbnail_url":"https:\/\/jornalfatosenoticias.com.br\/wp-content\/uploads\/2024\/05\/A-sanidade-no-empreendedorismo_Pinterest.jpg","thumbnail_width":564,"thumbnail_height":376,"description":"Por Milena Rohr Para compreender profundamente o comportamento do empreendedor, \u00e9 preciso fazer uma an\u00e1lise sobre quest\u00f5es como: decis\u00e3o de empreender, desafios na jornada do empreendedor, fracassos, conquistas, sentimentos, pensamentos, emo\u00e7\u00f5es, habilidades, disciplina, capacita\u00e7\u00e3o, dentre outras. Passamos por muitos impactos emocionais decorrentes da COVID, isso \u00e9 um fato ineg\u00e1vel, mas a sa\u00fade mental sempre esteve [&hellip;]"}

Jornal Fatos e Notícias

A sanidade no empreendedorismo - Jornal Fatos e Notícias

<blockquote class="wp-embedded-content" data-secret="gvVEU4nbTG"><a href="https://jornalfatosenoticias.com.br/index.php/2024/05/09/a-sanidade-no-empreendedorismo/">A sanidade no empreendedorismo</a></blockquote><iframe sandbox="allow-scripts" security="restricted" src="https://jornalfatosenoticias.com.br/index.php/2024/05/09/a-sanidade-no-empreendedorismo/embed/#?secret=gvVEU4nbTG" width="600" height="338" title="&#8220;A sanidade no empreendedorismo&#8221; &#8212; Jornal Fatos e Notícias" data-secret="gvVEU4nbTG" frameborder="0" marginwidth="0" marginheight="0" scrolling="no" class="wp-embedded-content"></iframe><script type="text/javascript">
/* <![CDATA[ */
/*! This file is auto-generated */
!function(d,l){"use strict";l.querySelector&&d.addEventListener&&"undefined"!=typeof URL&&(d.wp=d.wp||{},d.wp.receiveEmbedMessage||(d.wp.receiveEmbedMessage=function(e){var t=e.data;if((t||t.secret||t.message||t.value)&&!/[^a-zA-Z0-9]/.test(t.secret)){for(var s,r,n,a=l.querySelectorAll('iframe[data-secret="'+t.secret+'"]'),o=l.querySelectorAll('blockquote[data-secret="'+t.secret+'"]'),c=new RegExp("^https?:$","i"),i=0;i<o.length;i++)o[i].style.display="none";for(i=0;i<a.length;i++)s=a[i],e.source===s.contentWindow&&(s.removeAttribute("style"),"height"===t.message?(1e3<(r=parseInt(t.value,10))?r=1e3:~~r<200&&(r=200),s.height=r):"link"===t.message&&(r=new URL(s.getAttribute("src")),n=new URL(t.value),c.test(n.protocol))&&n.host===r.host&&l.activeElement===s&&(d.top.location.href=t.value))}},d.addEventListener("message",d.wp.receiveEmbedMessage,!1),l.addEventListener("DOMContentLoaded",function(){for(var e,t,s=l.querySelectorAll("iframe.wp-embedded-content"),r=0;r<s.length;r++)(t=(e=s[r]).getAttribute("data-secret"))||(t=Math.random().toString(36).substring(2,12),e.src+="#?secret="+t,e.setAttribute("data-secret",t)),e.contentWindow.postMessage({message:"ready",secret:t},"*")},!1)))}(window,document);
//# sourceURL=https://jornalfatosenoticias.com.br/wp-includes/js/wp-embed.min.js
/* ]]> */
</script>

Por Milena Rohr Para compreender profundamente o comportamento do empreendedor, é preciso fazer uma análise sobre questões como: decisão de empreender, desafios na jornada do empreendedor, fracassos, conquistas, sentimentos, pensamentos, emoções, habilidades, disciplina, capacitação, dentre outras. Passamos por muitos impactos emocionais decorrentes da COVID, isso é um fato inegável, mas a saúde mental sempre esteve [&hellip;]
