{"version":"1.0","provider_name":"Jornal Fatos e Not\u00edcias","provider_url":"https:\/\/jornalfatosenoticias.com.br","author_name":"Ana Maria Iencarelli","author_url":"https:\/\/jornalfatosenoticias.com.br\/index.php\/author\/anamaria\/","title":"Espancamentos e Feminic\u00eddios \u2014 Parte II - Jornal Fatos e Not\u00edcias","type":"rich","width":600,"height":338,"html":"<blockquote class=\"wp-embedded-content\" data-secret=\"tB9XidZcwM\"><a href=\"https:\/\/jornalfatosenoticias.com.br\/index.php\/2025\/05\/30\/espancamentos-e-feminicidios-parte-ii\/\">Espancamentos e Feminic\u00eddios \u2014 Parte II<\/a><\/blockquote><iframe sandbox=\"allow-scripts\" security=\"restricted\" src=\"https:\/\/jornalfatosenoticias.com.br\/index.php\/2025\/05\/30\/espancamentos-e-feminicidios-parte-ii\/embed\/#?secret=tB9XidZcwM\" width=\"600\" height=\"338\" title=\"&#8220;Espancamentos e Feminic\u00eddios \u2014 Parte II&#8221; &#8212; Jornal Fatos e Not\u00edcias\" data-secret=\"tB9XidZcwM\" frameborder=\"0\" marginwidth=\"0\" marginheight=\"0\" scrolling=\"no\" class=\"wp-embedded-content\"><\/iframe><script type=\"text\/javascript\">\n\/* <![CDATA[ *\/\n\/*! This file is auto-generated *\/\n!function(d,l){\"use strict\";l.querySelector&&d.addEventListener&&\"undefined\"!=typeof URL&&(d.wp=d.wp||{},d.wp.receiveEmbedMessage||(d.wp.receiveEmbedMessage=function(e){var t=e.data;if((t||t.secret||t.message||t.value)&&!\/[^a-zA-Z0-9]\/.test(t.secret)){for(var s,r,n,a=l.querySelectorAll('iframe[data-secret=\"'+t.secret+'\"]'),o=l.querySelectorAll('blockquote[data-secret=\"'+t.secret+'\"]'),c=new RegExp(\"^https?:$\",\"i\"),i=0;i<o.length;i++)o[i].style.display=\"none\";for(i=0;i<a.length;i++)s=a[i],e.source===s.contentWindow&&(s.removeAttribute(\"style\"),\"height\"===t.message?(1e3<(r=parseInt(t.value,10))?r=1e3:~~r<200&&(r=200),s.height=r):\"link\"===t.message&&(r=new URL(s.getAttribute(\"src\")),n=new URL(t.value),c.test(n.protocol))&&n.host===r.host&&l.activeElement===s&&(d.top.location.href=t.value))}},d.addEventListener(\"message\",d.wp.receiveEmbedMessage,!1),l.addEventListener(\"DOMContentLoaded\",function(){for(var e,t,s=l.querySelectorAll(\"iframe.wp-embedded-content\"),r=0;r<s.length;r++)(t=(e=s[r]).getAttribute(\"data-secret\"))||(t=Math.random().toString(36).substring(2,12),e.src+=\"#?secret=\"+t,e.setAttribute(\"data-secret\",t)),e.contentWindow.postMessage({message:\"ready\",secret:t},\"*\")},!1)))}(window,document);\n\/\/# sourceURL=https:\/\/jornalfatosenoticias.com.br\/wp-includes\/js\/wp-embed.min.js\n\/* ]]> *\/\n<\/script>\n","thumbnail_url":"https:\/\/jornalfatosenoticias.com.br\/wp-content\/uploads\/2025\/05\/mulher-tem-medo-de-violencia-domestica_freepik.jpeg","thumbnail_width":740,"thumbnail_height":494,"description":"O \u00f3dio \u00e0 Mulher vem se tornando um instituto, usado como arma nos Processos da dita \u201cfam\u00edlia\u201d. Seguimos com muita dificuldade de compreender onde se esconde essa perversidade contra mulheres Todos os dias assistimos ao notici\u00e1rio, os notici\u00e1rios dos Feminic\u00eddios das \u00faltimas 24 horas. S\u00e3o quatro a cada dia. Mas houve uma acelera\u00e7\u00e3o nesses n\u00fameros [&hellip;]"}

Jornal Fatos e Notícias

Espancamentos e Feminicídios — Parte II - Jornal Fatos e Notícias

<blockquote class="wp-embedded-content" data-secret="tB9XidZcwM"><a href="https://jornalfatosenoticias.com.br/index.php/2025/05/30/espancamentos-e-feminicidios-parte-ii/">Espancamentos e Feminicídios — Parte II</a></blockquote><iframe sandbox="allow-scripts" security="restricted" src="https://jornalfatosenoticias.com.br/index.php/2025/05/30/espancamentos-e-feminicidios-parte-ii/embed/#?secret=tB9XidZcwM" width="600" height="338" title="&#8220;Espancamentos e Feminicídios — Parte II&#8221; &#8212; Jornal Fatos e Notícias" data-secret="tB9XidZcwM" frameborder="0" marginwidth="0" marginheight="0" scrolling="no" class="wp-embedded-content"></iframe><script type="text/javascript">
/* <![CDATA[ */
/*! This file is auto-generated */
!function(d,l){"use strict";l.querySelector&&d.addEventListener&&"undefined"!=typeof URL&&(d.wp=d.wp||{},d.wp.receiveEmbedMessage||(d.wp.receiveEmbedMessage=function(e){var t=e.data;if((t||t.secret||t.message||t.value)&&!/[^a-zA-Z0-9]/.test(t.secret)){for(var s,r,n,a=l.querySelectorAll('iframe[data-secret="'+t.secret+'"]'),o=l.querySelectorAll('blockquote[data-secret="'+t.secret+'"]'),c=new RegExp("^https?:$","i"),i=0;i<o.length;i++)o[i].style.display="none";for(i=0;i<a.length;i++)s=a[i],e.source===s.contentWindow&&(s.removeAttribute("style"),"height"===t.message?(1e3<(r=parseInt(t.value,10))?r=1e3:~~r<200&&(r=200),s.height=r):"link"===t.message&&(r=new URL(s.getAttribute("src")),n=new URL(t.value),c.test(n.protocol))&&n.host===r.host&&l.activeElement===s&&(d.top.location.href=t.value))}},d.addEventListener("message",d.wp.receiveEmbedMessage,!1),l.addEventListener("DOMContentLoaded",function(){for(var e,t,s=l.querySelectorAll("iframe.wp-embedded-content"),r=0;r<s.length;r++)(t=(e=s[r]).getAttribute("data-secret"))||(t=Math.random().toString(36).substring(2,12),e.src+="#?secret="+t,e.setAttribute("data-secret",t)),e.contentWindow.postMessage({message:"ready",secret:t},"*")},!1)))}(window,document);
//# sourceURL=https://jornalfatosenoticias.com.br/wp-includes/js/wp-embed.min.js
/* ]]> */
</script>

O ódio à Mulher vem se tornando um instituto, usado como arma nos Processos da dita “família”. Seguimos com muita dificuldade de compreender onde se esconde essa perversidade contra mulheres Todos os dias assistimos ao noticiário, os noticiários dos Feminicídios das últimas 24 horas. São quatro a cada dia. Mas houve uma aceleração nesses números [&hellip;]
