{"version":"1.0","provider_name":"Jornal Fatos e Not\u00edcias","provider_url":"https:\/\/jornalfatosenoticias.com.br","author_name":"M\u00e1rio Vieira","author_url":"https:\/\/jornalfatosenoticias.com.br\/index.php\/author\/mario\/","title":"Frio no c\u00e9u - Jornal Fatos e Not\u00edcias","type":"rich","width":600,"height":338,"html":"<blockquote class=\"wp-embedded-content\" data-secret=\"n1zbXctn68\"><a href=\"https:\/\/jornalfatosenoticias.com.br\/index.php\/2025\/08\/14\/frio-no-ceu\/\">Frio no c\u00e9u<\/a><\/blockquote><iframe sandbox=\"allow-scripts\" security=\"restricted\" src=\"https:\/\/jornalfatosenoticias.com.br\/index.php\/2025\/08\/14\/frio-no-ceu\/embed\/#?secret=n1zbXctn68\" width=\"600\" height=\"338\" title=\"&#8220;Frio no c\u00e9u&#8221; &#8212; Jornal Fatos e Not\u00edcias\" data-secret=\"n1zbXctn68\" frameborder=\"0\" marginwidth=\"0\" marginheight=\"0\" scrolling=\"no\" class=\"wp-embedded-content\"><\/iframe><script type=\"text\/javascript\">\n\/* <![CDATA[ *\/\n\/*! This file is auto-generated *\/\n!function(d,l){\"use strict\";l.querySelector&&d.addEventListener&&\"undefined\"!=typeof URL&&(d.wp=d.wp||{},d.wp.receiveEmbedMessage||(d.wp.receiveEmbedMessage=function(e){var t=e.data;if((t||t.secret||t.message||t.value)&&!\/[^a-zA-Z0-9]\/.test(t.secret)){for(var s,r,n,a=l.querySelectorAll('iframe[data-secret=\"'+t.secret+'\"]'),o=l.querySelectorAll('blockquote[data-secret=\"'+t.secret+'\"]'),c=new RegExp(\"^https?:$\",\"i\"),i=0;i<o.length;i++)o[i].style.display=\"none\";for(i=0;i<a.length;i++)s=a[i],e.source===s.contentWindow&&(s.removeAttribute(\"style\"),\"height\"===t.message?(1e3<(r=parseInt(t.value,10))?r=1e3:~~r<200&&(r=200),s.height=r):\"link\"===t.message&&(r=new URL(s.getAttribute(\"src\")),n=new URL(t.value),c.test(n.protocol))&&n.host===r.host&&l.activeElement===s&&(d.top.location.href=t.value))}},d.addEventListener(\"message\",d.wp.receiveEmbedMessage,!1),l.addEventListener(\"DOMContentLoaded\",function(){for(var e,t,s=l.querySelectorAll(\"iframe.wp-embedded-content\"),r=0;r<s.length;r++)(t=(e=s[r]).getAttribute(\"data-secret\"))||(t=Math.random().toString(36).substring(2,12),e.src+=\"#?secret=\"+t,e.setAttribute(\"data-secret\",t)),e.contentWindow.postMessage({message:\"ready\",secret:t},\"*\")},!1)))}(window,document);\n\/\/# sourceURL=https:\/\/jornalfatosenoticias.com.br\/wp-includes\/js\/wp-embed.min.js\n\/* ]]> *\/\n<\/script>\n","thumbnail_url":"https:\/\/jornalfatosenoticias.com.br\/wp-content\/uploads\/2025\/08\/frio-no-ceu_pixabay.jpg","thumbnail_width":1000,"thumbnail_height":562,"description":"Todo ano \u00e9Sempre assimNo m\u00eas de agosto Quando nuvensAcinzentadas seMisturam com osPrimeiros raiosAvermelhados doSol \u00e9 porque est\u00e1Frio no c\u00e9u Onde avesCorajosas fazemVoos t\u00edmidos eRefor\u00e7am os seusNinhos que amea\u00e7amCongelar Mas, \u00e9 um frioBom, pois, \u00e9Tempo de reflex\u00e3o,Tempo de agasalharA alma Hora de cuidadosConsigo mesmoE de protegerAqueles que nosS\u00e3o caros \u00c9 tempo de pazE de recolhimento,Dias para [&hellip;]"}

Jornal Fatos e Notícias

Mário Vieira

Frio no céu - Jornal Fatos e Notícias

<blockquote class="wp-embedded-content" data-secret="n1zbXctn68"><a href="https://jornalfatosenoticias.com.br/index.php/2025/08/14/frio-no-ceu/">Frio no céu</a></blockquote><iframe sandbox="allow-scripts" security="restricted" src="https://jornalfatosenoticias.com.br/index.php/2025/08/14/frio-no-ceu/embed/#?secret=n1zbXctn68" width="600" height="338" title="&#8220;Frio no céu&#8221; &#8212; Jornal Fatos e Notícias" data-secret="n1zbXctn68" frameborder="0" marginwidth="0" marginheight="0" scrolling="no" class="wp-embedded-content"></iframe><script type="text/javascript">
/* <![CDATA[ */
/*! This file is auto-generated */
!function(d,l){"use strict";l.querySelector&&d.addEventListener&&"undefined"!=typeof URL&&(d.wp=d.wp||{},d.wp.receiveEmbedMessage||(d.wp.receiveEmbedMessage=function(e){var t=e.data;if((t||t.secret||t.message||t.value)&&!/[^a-zA-Z0-9]/.test(t.secret)){for(var s,r,n,a=l.querySelectorAll('iframe[data-secret="'+t.secret+'"]'),o=l.querySelectorAll('blockquote[data-secret="'+t.secret+'"]'),c=new RegExp("^https?:$","i"),i=0;i<o.length;i++)o[i].style.display="none";for(i=0;i<a.length;i++)s=a[i],e.source===s.contentWindow&&(s.removeAttribute("style"),"height"===t.message?(1e3<(r=parseInt(t.value,10))?r=1e3:~~r<200&&(r=200),s.height=r):"link"===t.message&&(r=new URL(s.getAttribute("src")),n=new URL(t.value),c.test(n.protocol))&&n.host===r.host&&l.activeElement===s&&(d.top.location.href=t.value))}},d.addEventListener("message",d.wp.receiveEmbedMessage,!1),l.addEventListener("DOMContentLoaded",function(){for(var e,t,s=l.querySelectorAll("iframe.wp-embedded-content"),r=0;r<s.length;r++)(t=(e=s[r]).getAttribute("data-secret"))||(t=Math.random().toString(36).substring(2,12),e.src+="#?secret="+t,e.setAttribute("data-secret",t)),e.contentWindow.postMessage({message:"ready",secret:t},"*")},!1)))}(window,document);
//# sourceURL=https://jornalfatosenoticias.com.br/wp-includes/js/wp-embed.min.js
/* ]]> */
</script>

Todo ano éSempre assimNo mês de agosto Quando nuvensAcinzentadas seMisturam com osPrimeiros raiosAvermelhados doSol é porque estáFrio no céu Onde avesCorajosas fazemVoos tímidos eReforçam os seusNinhos que ameaçamCongelar Mas, é um frioBom, pois, éTempo de reflexão,Tempo de agasalharA alma Hora de cuidadosConsigo mesmoE de protegerAqueles que nosSão caros É tempo de pazE de recolhimento,Dias para [&hellip;]
